isor of u and 60?
30
Suppose 0 = g + 4*g - 45. What is the highest common divisor of g and 6?
3
Let d(i) = -i + 3. Let s be d(4). Suppose 0 = -4*p - 0*p + 48. Let k = p - s. What is the greatest common factor of 13 and k?
13
Suppose 4*x - 96 = 2*x. What is the highest common divisor of 16 and x?
16
Let z(o) = o**2 + 5*o + 6. Let h be 1/2*(14 + 0). Let f be z(h). Let l = 22 + -12. Calculate the greatest common factor of l and f.
10
Suppose q - 20 = 3*q - 2*f, q + f = -2. Let p = -5 - q. Calculate the highest common factor of 11 and p.
1
Let j = 12 - 10. Suppose -2*a - 5*r + 545 = a, -4*a - j*r = -722. Calculate the greatest common divisor of 20 and a.
20
Let l be (30/(-20))/(3/(-16)). Calculate the highest common divisor of 56 and l.
8
Let b(t) = -t**3 + 9*t**2 + 7*t - 5. Let c be b(8). What is the greatest common factor of 23 and c?
23
Let k = 484 - 276. Calculate the greatest common divisor of k and 16.
16
Suppose -d - 4 + 9 = 0. Let h be d/(-15) + (-40)/(-3). What is the greatest common divisor of h and 65?
13
Let w be (-1)/(3 + (-1852)/616). What is the highest common divisor of w and 22?
22
Let v(q) = 2*q - 12. Let s be v(11). What is the greatest common factor of s and 70?
10
Suppose 6*x - 6 = 3*x. Suppose 0 = -h + 2*h + 4*d - 17, -x*h + d + 43 = 0. Calculate the highest common factor of 7 and h.
7
Let m = 8 + -13. Let n be 1 + 2 - 1 - m. Calculate the highest common divisor of n and 28.
7
Suppose 11*l + l = 576. What is the greatest common divisor of 12 and l?
12
Let o be (17/(-2))/(2/(-4)). Let l = o + -29. Let q be -5 - l - (1 + -1). Calculate the greatest common divisor of q and 56.
7
Let a(r) = r**2 + 1. Let s = -16 + 24. Suppose 2*b = -5*x - 3*b - 10, -x + b + s = 0. Let n be a(x). What is the highest common factor of n and 30?
10
Let g = -1 + 2. Let i(u) = -u**2 - 9*u - 10. Let w be i(-7). Let b = -2 + w. Calculate the greatest common divisor of g and b.
1
Suppose -3*f + 7 = -32. Let m = -8 + 112. What is the highest common divisor of m and f?
13
Suppose -3*p + 0*p - 183 = -5*f, f - 3*p = 39. Calculate the greatest common divisor of 12 and f.
12
Suppose 17 = -2*r - 43. Let h be 18/(-135) + (-484)/r. Suppose 32 = j + 2*a, 4 = a - 0*a. What is the highest common factor of h and j?
8
Let x = 2 + 2. Let z be (-23)/(-4) + 1/x. Let h = 7 + 35. Calculate the highest common divisor of h and z.
6
Let x = 415 - 55. Suppose -4*f + f = -x. Suppose 2*o - 58 = -2*o + 5*r, 5*o - 70 = 5*r. What is the greatest common factor of f and o?
12
Let d be -1*32/(-3 - -1). Suppose 2*w = 6*w - d. Calculate the highest common factor of 8 and w.
4
Let s(z) = -z**3 - 8*z**2 - 10*z - 9. Suppose 9*a + 35 = 4*a. Let r be s(a). Let f be (-2)/(-8) - (-141)/r. What is the greatest common factor of 84 and f?
12
Let y(h) = h + 15. Let u be y(-13). Calculate the greatest common factor of 18 and u.
2
Suppose -4*d = d - 450. Calculate the highest common divisor of d and 60.
30
Let q(s) = 2*s**2 - s + 14. Let x be q(6). What is the greatest common factor of 16 and x?
16
Let k be (3/9)/(1/9). Calculate the highest common factor of 3 and k.
3
Let d = -5 + 15. Let l be ((-17)/(-2))/(1/(-2)). Let k = l + 32. What is the greatest common divisor of d and k?
5
Let y = -45 - -54. What is the highest common factor of y and 45?
9
Let w be (1 + -16)/((-1)/1). What is the greatest common divisor of 3 and w?
3
Suppose -76 + 256 = 3*z. Calculate the greatest common divisor of z and 90.
30
Let r = -47 + 83. Suppose 0 = 2*k - 24 + 6. What is the highest common divisor of k and r?
9
Let s = 12 - 8. Suppose -s*t + t + 54 = 0. Let d(x) = -x**3 + 6*x**2 - 3*x - 1. Let j be d(5). Calculate the highest common factor of j and t.
9
Let b(i) = -13*i - 10. Let l be b(-5). Let m(p) = p**2 + 5*p - 1. Let y be m(-6). What is the greatest common factor of l and y?
5
Let i = 31 + -11. What is the greatest common divisor of i and 8?
4
Let b be (232/(-10))/((-40)/100). Calculate the greatest common divisor of 638 and b.
58
Let o(p) = 5*p**2 + 2*p + 2. Let v be o(-2). Let j = 54 - 9. What is the highest common factor of v and j?
9
Suppose -3*g - 63 = -186. Suppose 4*n - b = 38, 5*n + 0*b = -2*b + g. Let y be 30/n*(-144)/(-15). What is the highest common factor of y and 4?
4
Let d = 13 + 75. What is the greatest common divisor of 11 and d?
11
Let x = -35 - -51. Suppose -6*z + 16 = -2*z. Calculate the greatest common factor of z and x.
4
Let i be (1 - 4)*5/(-3). Suppose 3*g - 2*b - 54 = 0, -b + 97 = i*g - 2*b. What is the highest common factor of 220 and g?
20
Suppose 0*u - 2*u = 12. Let r = u + 8. Calculate the greatest common divisor of r and 4.
2
Let y be 1 - 3 - (-1 + -4). Suppose -3*v - 201 = -y*a, -2*a + 4*a - 146 = 5*v. What is the highest common divisor of a and 7?
7
Suppose 0*j = 3*j - 243. Suppose -4 = -4*n + 12, 3*n = 2*u. Suppose -u*m + 4*m = -18. What is the highest common divisor of m and j?
9
Let i = 3 + 57. What is the highest common factor of i and 12?
12
Let m = 39 + -23. Calculate the greatest common divisor of 40 and m.
8
Let a(v) = 22*v - 2 + 2 + 1 + 0. Let j be a(1). Let u be 45 - (2 + -3 - 0). What is the greatest common factor of u and j?
23
Let g = 5 - 1. Let d(r) = r**2 + 3*r - 6. Let v be d(g). Suppose 3*j + 2*j = 275. What is the highest common factor of j and v?
11
Let v = 8 - 0. What is the highest common factor of 64 and v?
8
Let r be (-5)/(45/42)*-3. Let v = 21 - r. Calculate the highest common factor of 77 and v.
7
Suppose 6*f - 29 = -17. Let w be 6/10*5/1. Suppose 5*t - 4*t - z = 13, w*t + 3*z = 45. What is the highest common divisor of f and t?
2
Let n be (-60)/(2 + (-21)/6). Let i(b) = 0 + 2*b**2 - 4 + 0*b - 2*b. Let j be i(3). Calculate the highest common divisor of j and n.
8
Suppose -5*p + 3*p + 2 = 4*g, 4*p + 4*g - 16 = 0. Calculate the greatest common factor of p and 77.
7
Suppose 3 = c - 1. Calculate the highest common factor of c and 44.
4
Suppose -580 = -2*b - 162. Calculate the highest common factor of b and 11.
11
Suppose -6*q - 200 = -10*q. What is the greatest common factor of q and 20?
10
Suppose -4*w = 3*l + 4 + 5, -4*w + 5*l = -15. Let h = w - -2. What is the highest common factor of 1 and h?
1
Let y = -11 - -32. Calculate the greatest common factor of y and 63.
21
Suppose 5*t = -2 - 3, 4*n - 2*t = 282. Suppose 7*z - n = 2*z. Let i = -22 - -120. Calculate the greatest common divisor of z and i.
14
Let q(m) = 5*m - 11. Let a(i) = -i. Let c(y) = 2*a(y) + q(y). Let b be c(4). Calculate the highest common factor of b and 1.
1
Let w be (3/(-2))/(15/(-230)). Calculate the highest common divisor of 92 and w.
23
Suppose -3*i - 2*k = -17, 2*k - 2 = 3*i - 3. Calculate the highest common divisor of 21 and i.
3
Let w be 3/(3/40) - -5. Calculate the greatest common factor of w and 18.
9
Suppose 5*p - 28 = 4*v - 4, 4*p = 0. Let o be (-1)/2 + (-21)/v. Calculate the greatest common divisor of o and 6.
3
Let s be ((-45)/(-6))/(2/4). Calculate the greatest common divisor of 6 and s.
3
Let u(l) = 132*l**3 + 2*l**2 - 2*l + 1. Let g be u(1). Calculate the greatest common divisor of g and 19.
19
Let n = -12 - -23. Let s(c) = 5*c**2 - c - 1. Let a be s(-1). Suppose 2*y = -y - 3*t - 12, -23 = 2*y + a*t. Calculate the highest common factor of n and y.
1
Let t(c) = 3*c**3 - 6*c**2 + 3*c - 2. Let s be t(5). Let i = -126 + s. What is the highest common factor of i and 14?
14
Let r = -260 + 414. Let c be (-34)/51 + (132/(-9))/(-1). What is the greatest common factor of c and r?
14
Let n(w) = -w**3 + 4*w**2 + 1. Let b be n(3). Calculate the highest common factor of b and 30.
10
Suppose -d + 56 = 2*g + 3*d, -4*d = -g + 4. Calculate the highest common factor of 60 and g.
20
Let s = -45 - -15. Let p = s + 55. Let i = 2 + 3. Calculate the highest common factor of i and p.
5
Suppose 0 = k - 4 - 2. Let z(u) = -2*u - 8. Suppose 5*n - 30 = 5*t, t - 3*t - 2*n - 12 = 0. Let x be z(t). What is the greatest common factor of x and k?
2
Suppose y + 1 = 2*r - 0*r, -20 = -4*y. Calculate the highest common divisor of r and 6.
3
Let o = 5 - 3. Suppose 3*s + 2*s - 2*j = 14, -2*s + 2 = j. Calculate the highest common divisor of s and o.
2
Let a = -6 - -10. Let b(v) = 7*v**2 + v + 1. Let d be b(a). What is the highest common divisor of 13 and d?
13
Suppose -10 + 67 = -w. Let u be 6 + -9 - w/1. Calculat